 be i(-2). Suppose x*l - 18 = 2*s, 19 = -l + 2*l + s. What is the remainder when a is divided by l?
11
Let u(v) = -261*v + 1137. What is the remainder when u(-3) is divided by 957?
6
Suppose -5*x = 5*z + 80, 3 = 4*z + 7. Suppose -5*b = 5*k - 80, 3*k + 7 = 4. Calculate the remainder when (13/3)/((-1)/x) is divided by b.
14
Let c = -736 + 1163. Suppose -8*h = -1293 - c. Calculate the remainder when h is divided by 31.
29
What is the remainder when 310 is divided by 2/(-5) - 2233/(-145)?
10
Suppose -5*i = 4*f - 1754 - 1709, 2075 = 3*i + f. What is the remainder when i is divided by 11?
9
Suppose 33*q - 17335 = -1132. Calculate the remainder when q is divided by 4.
3
Let w(b) = 12*b**2 + 9*b + 4. Let n be (-1 - 0)/(4/(-8)). Suppose -3*x + 90 = n*x. What is the remainder when x is divided by w(-1)?
4
Suppose -3*s + 3797 + 299 = -842. What is the remainder when 1652 is divided by s?
6
Suppose -2*j = m + m - 114, -j + 5*m = -63. Let h = -18 - -18. Suppose 3*a + n = 55, h*a = -4*a - 2*n + 70. Calculate the remainder when j is divided by a.
18
Let q = 68 + -44. Let f(l) = 3*l**2 - 7*l - 18. Let y be f(-10). Suppose 0 = -0*n + 8*n - y. Calculate the remainder when n is divided by q.
20
Let z(u) = u**2 - u + 4. Let g(c) = c**2 - 161*c + 3699. Calculate the remainder when g(26) is divided by z(5).
21
Let r(g) be the second derivative of g**5/20 + 19*g**4/12 - g**3/3 + 47*g**2 + 127*g. What is the remainder when r(-18) is divided by 17?
12
Suppose 4*r + 3*m - 12 = 0, -3*r = 2*r - 2*m + 8. Suppose -3*a + a + 24 = r. What is the remainder when 43 is divided by a?
7
Suppose -5*b + 2844 = -2*m, -m + 2856 = 5*b + m. What is the remainder when b is divided by 32?
26
Suppose 0 = -5*g + b + 6996, -21*b + 19*b - 1401 = -g. Calculate the remainder when g is divided by 7.
6
Let y(b) = -55*b**3 + 2*b**2 - 3*b - 3. Calculate the remainder when 220 is divided by y(-1).
49
Let r(j) = 16*j. Suppose 5*t - o - 17 = 0, -3*o + 1 = t + 4. Calculate the remainder when r(t) is divided by 1*15*2/3.
8
Suppose -4*y = 6*d - d + 8 - 60, 0 = 4*d. Let b(c) = -c**3 - 4*c**2 + 5*c + 1. Calculate the remainder when y is divided by b(-5).
0
Let d = -1735 - -1812. What is the remainder when d is divided by 51?
26
Suppose 279 = 31*s + 62. Let v(i) = 5*i**2 - 28*i - 8. Calculate the remainder when v(s) is divided by 12.
5
Suppose -71*f - 23*f - 17*f + 1110 = 0. Calculate the remainder when 2837 is divided by f.
7
Let n = 203 - 216. Calculate the remainder when (-2 + 33 - (13 + n))*1 is divided by 3.
1
Let o = -17529 - -17891. Calculate the remainder when o is divided by 7.
5
Suppose -245*z = -117*z - 126*z. Suppose -69*g + 5948 - 566 = z. Let m = -47 - -87. What is the remainder when g is divided by m?
38
Suppose 8 = -3*j + 4*m, 3*j + 5*m + 8 = -36. Let n = 113 - 82. Calculate the remainder when n is divided by (8/5)/(j/(-40)).
7
Suppose 56*k - 55264 = -42*k + 10*k. What is the remainder when k is divided by 200?
28
Suppose 0 = -y - 5 + 9. Suppose -z - 178 = -y*x + 110, -63 = -x - 2*z. Suppose -80 = -3*f - x. Calculate the remainder when 7 is divided by f.
1
Let l be (-1)/3 - 2/(-6). Suppose -3*s + 2*s = l. Let u = 11 + s. What is the remainder when 20 is divided by u?
9
Let s(o) = -o**3 + 13*o**2 - 9*o - 57. Suppose -4*l = -4*h - 1020, 2*l - 250 = -3*h + 235. Calculate the remainder when l is divided by s(11).
78
Let s = 2404 + -2366. Let z = 53 - 47. What is the remainder when s is divided by z?
2
Let r be 828/6*(1 - 0). Let g be (0 + (41 - -1) + -3)*11. Suppose -4*i - 5*s = -g - 97, -2*s = -i + r. What is the remainder when i is divided by 23?
19
Let a = -15803 + 15870. What is the remainder when 4152 is divided by a?
65
Let k = -1788 - -17586. What is the remainder when k is divided by 20?
18
Suppose -10*v + 94519 = v + 20*v. Calculate the remainder when v is divided by 122.
121
Let w = -14765 + 14854. What is the remainder when 5783 is divided by w?
87
Let f(o) = o**3 - 9*o**2 + 10*o + 23. What is the remainder when f(8) is divided by (-12)/72 - 37/(-6)?
3
Let r(p) = 2*p**2 + 4*p + 5. Calculate the remainder when r(7) is divided by 122/(-122)*11*-2.
21
Let h = 4445 - 4426. Calculate the remainder when 40 is divided by h.
2
Let n = 176 - 171. Suppose 0 = 5*k - 3*k + 5*d - 339, 0 = -4*k + d + 711. Suppose n*z = k - 47. Calculate the remainder when 72 is divided by z.
20
Suppose -11*z + 13*z + 3*u - 205 = 0, -3*z + 310 = 2*u. What is the remainder when z is divided by 23?
12
What is the remainder when (11/(-121)*-319)/(-1 - (-4)/3) is divided by 81?
6
Suppose -12 = 4*i - 9*i + 4*x, -6 = -3*i + 2*x. Suppose -160 = -5*o - i*o. Let n = 10 + -1. What is the remainder when o is divided by n?
5
Suppose -642 = -4*i + 2*w, -85 - 89 = -i - 4*w. What is the remainder when 885 is divided by i?
75
Let q = 3630 - 1098. What is the remainder when q is divided by 840?
12
Let u = -29 + 8. Let m = u + 54. What is the remainder when 6/33 - (-885)/m is divided by 8?
3
Suppose 4*x = 199 - 35. Suppose -128 = -12*g + 16. Calculate the remainder when x is divided by g.
5
Let m(y) = -3*y + 84. Let h = 1 + 5. Let o(l) = -l**2 + 15*l - 8. What is the remainder when o(h) is divided by m(24)?
10
Let q(k) = 248*k + 132. Calculate the remainder when q(1) is divided by 10.
0
Let n = 1 + -1. Let h = 5 + n. Calculate the remainder when 26/7 - (-12903)/1771 is divided by h.
1
Let h(z) = z**2 - 32*z - 148. Let s be h(-4). Calculate the remainder when (24/s)/12 - (-1009)/2 is divided by 39.
36
Let g = -42 - -42. What is the remainder when 80 is divided by 4*-1 - (3 - g)*-7?
12
Let x be 8/6*57/(-38). Let o(w) = -17*w - 28. What is the remainder when 7 is divided by o(x)?
1
Let c be 19 + 3 + (-6 - -6). Let k(t) = 3*t - 53. What is the remainder when 77 is divided by k(c)?
12
Let y = 11503 + -6355. Calculate the remainder when y is divided by 103.
101
Let k = 140 + -87. Suppose -2*m + 77 = 9*m. Calculate the remainder when k is divided by m.
4
Suppose -180*n + 162*n + 26 = -64. What is the remainder when 4728 is divided by n?
3
Let w(p) = -p**3 - 3*p**2 + 26*p. Let z = -2 + 56. Calculate the remainder when z is divided by w(-7).
12
Let i(p) = 2*p**3 - 45*p**2 + 104*p - 16. Calculate the remainder when 357 is divided by i(20).
37
Suppose 0 = -2*t + 6*t - 92. Suppose -2*h = 5*m - 135, -324*m + 43 = -322*m + 3*h. Calculate the remainder when m is divided by t.
6
Suppose 734 = 2*f - 322. Let q = f + -326. What is the remainder when q is divided by 61?
19
Let v(c) = 2*c**2 + 19*c - 1727. Calculate the remainder when v(-37) is divided by (-3)/(9/2)*-93.
60
Suppose 149*q - 6686 = 18644. What is the remainder when q is divided by 61?
48
Let i = 1 - -3. Suppose 3*z = 4*l + 30, -2*z - l + 20 = 11. Suppose -4*b - 4*r + z*r + 12 = 0, -3*b = -r - 9. Calculate the remainder when i is divided by b.
1
Suppose -7*i - 18*i + 4050 = 0. What is the remainder when 1194*(-9)/(i/(-12)) is divided by 47?
44
Suppose 3*c + 12*c = 8640. Suppose -8*y = y - c. Calculate the remainder when y is divided by 22.
20
Calculate the remainder when 1396 is divided by -1392*((-624)/32 - -19).
4
Calculate the remainder when 105 is divided by 20*(279/36 - 3).
10
Let k be 8 + 0/(5 - 7). Suppose -164 = -2*r + k*n - 12*n, -156 = -2*r - 2*n. What is the remainder when r is divided by 20?
14
Suppose 7*f - 3*h - 2628 = 7825, 4*f = -2*h + 5962. Calculate the remainder when f is divided by 214.
208
Let n be (25/50)/((-1 - -2)/(-12)). What is the remainder when 48 is divided by 1638/81 - n/(-27)?
8
Let x = 724 - 1189. Let v = 483 + x. Calculate the remainder when v is divided by 4.
2
Suppose 2*m + 12 = 26. Let h be (1 + 1)*m/(-14) - -127. Suppose -36 = 9*v - h. Calculate the remainder when 39 is divided by v.
9
Suppose -z = -14*z + 3354. Let n = 358 - z. What is the remainder when n is divided by 2?
0
Let f = -41029 - -42983. Calculate the remainder when f is divided by 50.
4
Let x = 155 - 187. Let h(a) = a**3 + 31*a**2 - 33*a - 25. Calculate the remainder when 10 is divided by h(x).
3
Let k be (33/3)/(-1) - -3. Let i(q) = -q**3 + 5*q**2 + 17*q - 7. What is the remainder when (2/(-3))/(k/444) is divided by i(-3)?
9
Calculate the remainder when -7*14/(-196)*(-1 + 363) is divided by 6/(-15)*(294/(-3) - -3).
29
What is the remainder when (-44)/(3*(-2)/9) is divided by (80/10 